{"id":1708,"date":"2014-12-31T10:08:25","date_gmt":"2014-12-31T08:08:25","guid":{"rendered":"http:\/\/aleksandrow.bimbambino.pl\/?page_id=1708"},"modified":"2014-12-31T10:30:36","modified_gmt":"2014-12-31T08:30:36","slug":"1708-2","status":"publish","type":"page","link":"http:\/\/aleksandrow.bimbambino.pl\/?page_id=1708","title":{"rendered":"I Powiatowy Konkurs Logopedyczny"},"content":{"rendered":"  <!-- Easing Slider -->\n    <div class=\"lof-container\" style=\"height:225px;padding-right:0px;padding-top:0px;padding-left:0px;padding-bottom:0px;\">\n      <div class=\"lof-slidecontent\" id=\"lofslidecontent45\" style=\"border:3px solid #ccc;width:800px;height:225px;\">\n        <div class=\"preload\" style=\"background:url(http:\/\/aleksandrow.bimbambino.pl\/wp-content\/plugins\/easing-slider\/images\/indicator.gif) no-repeat center center #fff;\">\n\n        <\/div>\n            <div class=\"lof-main-outer\" style=\"background: #fff;width:800px;height:225px;\">\n                <ul class=\"lof-main-wapper\">\n              \t\t<li><img src=\"http:\/\/aleksandrow.bimbambino.pl\/wp-content\/themes\/Linedy2\/images\/slider\/sl1.jpg\" style=\"width:800px;\" alt=\"\" \/><\/li>\t\t<li><img src=\"http:\/\/aleksandrow.bimbambino.pl\/wp-content\/themes\/Linedy2\/images\/slider\/sl2.jpg\" style=\"width:800px;\" alt=\"\" \/><\/li>\t\t<li><img src=\"http:\/\/aleksandrow.bimbambino.pl\/wp-content\/themes\/Linedy2\/images\/slider\/sl3.jpg\" style=\"width:800px;\" alt=\"\" \/><\/li><\/ul><\/div>                <div class=\"lof-navigator-wapper\" style=\"bottom:-35px;left: 0;padding:5px 5px;\">\n                  <div class=\"lof-navigator-outer\">\n                    <ul class=\"lof-navigator\">\n                      <li><span>.<\/span><\/li><li><span>.<\/span><\/li><li><span>.<\/span><\/li>             <\/ul>\n                <\/div>\n              <\/div>\n              \n            <\/div>\n          <\/div><img src=\"http:\/\/aleksandrow.bimbambino.pl\/wp-content\/plugins\/easing-slider\/images\/shadow_arc.png\" style=\"width:800px; padding-left:0px;padding-bottom:0px;padding-top:6px;margin-left:3px;\" alt=\"\" \/><!-- End of Easing Slider -->\n<h2>I POWIATOWY KONKURS LOGOPEDYCZNY<\/h2>\n<p><span style=\"color: #c0c0c0;\">__________________________________________________________________<\/span><\/p>\n<p align=\"center\"><strong>I POWIATOWY KONKURS LOGOPEDYCZNY<\/strong><strong><\/strong><\/p>\n<p align=\"center\"><strong>\u201ePoetyckie \u0142ama\u0144ce j\u0119zykowe\u201d<\/strong><strong><\/strong><\/p>\n<ol>\n<li><strong>1.\u00a0\u00a0\u00a0\u00a0\u00a0\u00a0 <\/strong><strong>ORGANIZATOR:<\/strong><\/li>\n<\/ol>\n<p>Przedszkole Niepubliczne Bim Bam Bino<\/p>\n<p>ul. Parkowa 2 <strong><\/strong><\/p>\n<p>87-700, Aleksandr\u00f3w Kujawski<\/p>\n<p>Tel: 542822715<\/p>\n<p>www.aleksandrow.bimbambino.pl<\/p>\n<p>Organizator: Paulina Warachim, tel. 696\u00a0996 651<\/p>\n<p>Koordynator: Ma\u0142gorzata Chojnowska-Wi\u015bniewska<\/p>\n<p>tel. 666\u00a0292\u00a0505 <strong>mail:malgorzata.chojnowska@interia.pl<\/strong><\/p>\n<ol>\n<li><strong>2.\u00a0\u00a0\u00a0\u00a0\u00a0\u00a0 <\/strong><strong>CELE KONKURSU<\/strong><\/li>\n<\/ol>\n<p>Rozwijanie umiej\u0119tno\u015bci j\u0119zykowych i teatralnych dzieci poprzez publiczn\u0105 prezentacj\u0119 wierszyk\u00f3w logopedycznych w formie kr\u00f3tkiej inscenizacji teatralnej. Prezentacje konkursowe maj\u0105 umili\u0107 oraz uatrakcyjni\u0107 codzienne \u0107wiczenia logopedyczne.<\/p>\n<ol>\n<li><strong>3.\u00a0\u00a0\u00a0\u00a0\u00a0\u00a0 <\/strong><strong>UCZESTNICY KONKURSU<\/strong><\/li>\n<\/ol>\n<p>Konkurs adresowany jest do dzieci w wieku od 4 do 6 lat z <strong>powiatu aleksandrowskiego<\/strong>. Plac\u00f3wka zg\u0142asza jeden utw\u00f3r, kt\u00f3ry mo\u017ce prezentowa\u0107 solista lub jedn\u0105 inscenizacj\u0119 wiersza z podzia\u0142em na role, kiedy plac\u00f3wk\u0119 prezentuje zesp\u00f3\u0142 do 3\u00a0 os\u00f3b.<\/p>\n<ol>\n<li><strong>4.\u00a0\u00a0\u00a0\u00a0\u00a0\u00a0 <\/strong><strong>TERMIN <\/strong><\/li>\n<\/ol>\n<p>1. Prezentacja inscenizacji wierszyk\u00f3w logopedycznych odb\u0119dzie si\u0119\u00a0 <strong>5.02.2015<\/strong> r. w Przedszkolu Niepublicznym Bim Bam Bino <strong>w Aleksandrowie Kujawskim ul. Parkowa 2, o godz. 9.30<\/strong>. Pokazy dzieci b\u0119d\u0105 oceniane przez profesjonalne jury i wszyscy uczestnicy otrzymaj\u0105 dyplomy oraz nagrody rzeczowe.<\/p>\n<p>2. Zg\u0142oszenia nale\u017cy nadsy\u0142a\u0107 <strong>do 29.01. 2015<\/strong> roku na adres:<\/p>\n<p>Przedszkole Niepubliczne Bim Bam Bino<\/p>\n<p>Ul. Parkowa 2<\/p>\n<p>87-700 Aleksandr\u00f3w Kujawski<\/p>\n<p>Lub drog\u0105 mailow\u0105: <a href=\"mailto:malgorzata.chojnowska@interia.pl\">malgorzata.chojnowska@interia.pl<\/a><\/p>\n<p>z dopiskiem \u201ekonkurs logopedyczny\u201d<\/p>\n<p>Liczba uczestnik\u00f3w ograniczona \u2013 decyduje kolejno\u015b\u0107 zg\u0142osze\u0144.<\/p>\n<p>W zg\u0142oszeniu prosz\u0119 poda\u0107:<\/p>\n<p>&#8211; Imi\u0119 i nazwisko oraz wiek uczestnika.<\/p>\n<p>&#8211; Imi\u0119 i nazwisko osoby przygotowuj\u0105cej- (nr. tel.)<\/p>\n<p>&#8211; Nazwa plac\u00f3wki deleguj\u0105cej uczestnik\u00f3w.<\/p>\n<p>&#8211; Czas trwania prezentacji.<\/p>\n<p>Do pobrania karta zg\u0142oszenia <a href=\"http:\/\/aleksandrow.bimbambino.pl\/wp-content\/uploads\/konkurs_karta.pdf\"> Pobierz<\/a><\/p>\n<p>3. Sk\u0142ad uczestnik\u00f3w musi by\u0107 ustalony do ko\u0144ca czasu wp\u0142ywania zg\u0142osze\u0144. Po tym czasie sk\u0142ad osobowy nie mo\u017ce by\u0107 zmieniany (ewentualna zmiana mo\u017ce by\u0107 mo\u017cliwa, ale tylko na dziecko tej samej p\u0142ci \u2013 spowodowane jest to wcze\u015bniejszym przygotowaniem nagr\u00f3d, kt\u00f3re s\u0105 r\u00f3\u017cne dla dziewczynek i dla ch\u0142opc\u00f3w).<\/p>\n<p>4. Zg\u0142oszenie i uczestnictwo w konkursie jest bezp\u0142atne.<\/p>\n<p>5. Uczestnik we w\u0142asnym zakresie organizuje rekwizyty do wyst\u0119pu, kt\u00f3re s\u0105 dodatkowym atutem.<\/p>\n<p>6.Organizator zapewnia pe\u0142n\u0105 obs\u0142ug\u0119 techniczn\u0105: nag\u0142o\u015bnienie, magnetofon CD. Organizator nie bierze odpowiedzialno\u015bci za nieodtwarzanie \u015bcie\u017cki d\u017awi\u0119kowej na sprz\u0119cie graj\u0105cym. Dlatego dla bezpiecze\u0144stwa podk\u0142ady muzyczne prosz\u0119 nagra\u0107 i podpisa\u0107 na dw\u00f3ch no\u015bnikach na p\u0142ycie audio i na pendrive. Opiekunowie ma\u0142ych artyst\u00f3w dostarczaj\u0105 podk\u0142ady muzyczne w dniu prezentacji.<\/p>\n<ol>\n<li><strong>5.\u00a0\u00a0\u00a0\u00a0\u00a0\u00a0 <\/strong> <strong>POSTANOWIENIA KO\u0143COWE<\/strong><\/li>\n<\/ol>\n<p>1.Przypadki nie obj\u0119te niniejszym regulaminem oraz ewentualne kwestie sporne, rozstrzyga\u0107 b\u0119dzie organizator, kt\u00f3ry jako jedyny ma prawo do nale\u017cytej interpretacji regulaminu.<\/p>\n<p>2. Organizator zastrzega sobie prawo do zmian w regulaminie, je\u017celi nast\u0105pi taka konieczno\u015b\u0107.<\/p>\n<p>3. Organizator zastrzega sobie mo\u017cliwo\u015b\u0107 odwo\u0142ania konkursu w wyj\u0105tkowych sytuacjach w ka\u017cdym czasie bez \u00a0\u00a0\u00a0\u00a0konieczno\u015bci podania powodu.<\/p>\n<p>4. Przyjazd zespo\u0142\u00f3w i solist\u00f3w na konkurs odbywa si\u0119 na koszt w\u0142asny.<\/p>\n<p>5. Kolejno\u015b\u0107 prezentacji konkursowych ustala organizator.<\/p>\n<p>6. Zg\u0142oszenie na konkurs r\u00f3wna si\u0119 z akceptacj\u0105 regulaminu.<\/p>\n<p>7. Zg\u0142oszenie uczestnictwa na przegl\u0105d oznacza wyra\u017cenie zgody na przetwarzanie danych osobowych do cel\u00f3w zwi\u0105zanych z realizacj\u0105 niniejszego konkursu oraz do cel\u00f3w marketingowych. Organizator nie ponosi odpowiedzialno\u015bci za skutki b\u0142\u0119dnie podanych danych.<\/p>\n<p>Zapraszamy serdecznie!<\/p>\n<p>&nbsp;<\/p>\n","protected":false},"excerpt":{"rendered":"<p>I POWIATOWY KONKURS LOGOPEDYCZNY __________________________________________________________________ I POWIATOWY KONKURS LOGOPEDYCZNY \u201ePoetyckie \u0142ama\u0144ce j\u0119zykowe\u201d 1.\u00a0\u00a0\u00a0\u00a0\u00a0\u00a0 ORGANIZATOR: Przedszkole Niepubliczne Bim Bam Bino ul. Parkowa 2 87-700, Aleksandr\u00f3w Kujawski Tel: 542822715 www.aleksandrow.bimbambino.pl Organizator: Paulina Warachim, tel. 696\u00a0996 651 Koordynator: Ma\u0142gorzata Chojnowska-Wi\u015bniewska tel. 666\u00a0292\u00a0505 mail:malgorzata.chojnowska@interia.pl 2.\u00a0\u00a0\u00a0\u00a0\u00a0\u00a0 CELE KONKURSU Rozwijanie umiej\u0119tno\u015bci j\u0119zykowych i teatralnych dzieci poprzez publiczn\u0105 prezentacj\u0119 wierszyk\u00f3w logopedycznych w<\/p>\n","protected":false},"author":2,"featured_media":0,"parent":0,"menu_order":0,"comment_status":"closed","ping_status":"closed","template":"","meta":[],"_links":{"self":[{"href":"http:\/\/aleksandrow.bimbambino.pl\/index.php?rest_route=\/wp\/v2\/pages\/1708"}],"collection":[{"href":"http:\/\/aleksandrow.bimbambino.pl\/index.php?rest_route=\/wp\/v2\/pages"}],"about":[{"href":"http:\/\/aleksandrow.bimbambino.pl\/index.php?rest_route=\/wp\/v2\/types\/page"}],"author":[{"embeddable":true,"href":"http:\/\/aleksandrow.bimbambino.pl\/index.php?rest_route=\/wp\/v2\/users\/2"}],"replies":[{"embeddable":true,"href":"http:\/\/aleksandrow.bimbambino.pl\/index.php?rest_route=%2Fwp%2Fv2%2Fcomments&post=1708"}],"version-history":[{"count":6,"href":"http:\/\/aleksandrow.bimbambino.pl\/index.php?rest_route=\/wp\/v2\/pages\/1708\/revisions"}],"predecessor-version":[{"id":1711,"href":"http:\/\/aleksandrow.bimbambino.pl\/index.php?rest_route=\/wp\/v2\/pages\/1708\/revisions\/1711"}],"wp:attachment":[{"href":"http:\/\/aleksandrow.bimbambino.pl\/index.php?rest_route=%2Fwp%2Fv2%2Fmedia&parent=1708"}],"curies":[{"name":"wp","href":"https:\/\/api.w.org\/{rel}","templated":true}]}}